{"id":42,"date":"2024-07-17T11:13:30","date_gmt":"2024-07-17T11:13:30","guid":{"rendered":"http:\/\/aleksal.cluster023.hosting.ovh.net\/?page_id=42"},"modified":"2024-11-06T11:21:32","modified_gmt":"2024-11-06T11:21:32","slug":"oferta","status":"publish","type":"page","link":"http:\/\/aleksal.cluster023.hosting.ovh.net\/?page_id=42","title":{"rendered":"Oferta"},"content":{"rendered":"<p>[et_pb_section fb_built=&#8221;1&#8243; admin_label=&#8221;Header&#8221; _builder_version=&#8221;4.19.2&#8243; _module_preset=&#8221;default&#8221; background_color=&#8221;gcid-f6a3689d-a668-4350-af50-132b2d07b02b&#8221; locked=&#8221;off&#8221; collapsed=&#8221;on&#8221; global_colors_info=&#8221;{%22gcid-f6a3689d-a668-4350-af50-132b2d07b02b%22:%91%22background_color%22%93}&#8221;][et_pb_row _builder_version=&#8221;4.19.2&#8243; _module_preset=&#8221;default&#8221; global_colors_info=&#8221;{}&#8221;][et_pb_column type=&#8221;4_4&#8243; _builder_version=&#8221;4.19.2&#8243; _module_preset=&#8221;default&#8221; global_colors_info=&#8221;{}&#8221;][et_pb_text _builder_version=&#8221;4.26.0&#8243; _module_preset=&#8221;65a53f5d-eb72-4f24-a71e-ce9cf050a7a4&#8243; text_orientation=&#8221;center&#8221; global_colors_info=&#8221;{}&#8221;]<\/p>\n<h2>Oferta<\/h2>\n<p>[\/et_pb_text][\/et_pb_column][\/et_pb_row][et_pb_row column_structure=&#8221;2_5,3_5&#8243; _builder_version=&#8221;4.19.5&#8243; _module_preset=&#8221;default&#8221; locked=&#8221;off&#8221; global_colors_info=&#8221;{}&#8221;][et_pb_column type=&#8221;2_5&#8243; _builder_version=&#8221;4.19.5&#8243; _module_preset=&#8221;default&#8221; overflow-x=&#8221;visible&#8221; overflow-y=&#8221;visible&#8221; custom_padding=&#8221;30px|30px|30px|30px|true|true&#8221; border_radii=&#8221;on|500px|500px|500px|500px&#8221; border_width_all=&#8221;6px&#8221; border_color_all=&#8221;gcid-d69cdd80-7102-4dfa-b2aa-4f565509d968&#8243; global_colors_info=&#8221;{%22gcid-d69cdd80-7102-4dfa-b2aa-4f565509d968%22:%91%22border_color_all%22%93}&#8221;][et_pb_image src=&#8221;http:\/\/aleksal.cluster023.hosting.ovh.net\/wp-content\/uploads\/2024\/08\/7.jpg&#8221; title_text=&#8221;7&#8243; _builder_version=&#8221;4.26.0&#8243; _module_preset=&#8221;default&#8221; border_radii=&#8221;on|500px|500px|500px|500px&#8221; border_width_all=&#8221;10px&#8221; border_color_all=&#8221;#FFFFFF&#8221; box_shadow_style=&#8221;preset4&#8243; box_shadow_horizontal=&#8221;0px&#8221; box_shadow_vertical=&#8221;0px&#8221; box_shadow_spread=&#8221;30px&#8221; box_shadow_color=&#8221;gcid-f6a3689d-a668-4350-af50-132b2d07b02b&#8221; global_colors_info=&#8221;{%22gcid-f6a3689d-a668-4350-af50-132b2d07b02b%22:%91%22box_shadow_color%22%93}&#8221;][\/et_pb_image][\/et_pb_column][et_pb_column type=&#8221;3_5&#8243; _builder_version=&#8221;4.19.2&#8243; _module_preset=&#8221;default&#8221; custom_padding=&#8221;8%||||false|false&#8221; global_colors_info=&#8221;{}&#8221;][et_pb_text _builder_version=&#8221;4.26.0&#8243; _module_preset=&#8221;6da332ec-9648-4285-874c-fb2ccfec2ee6&#8243; min_height=&#8221;747px&#8221; custom_margin=&#8221;2px|||||&#8221; custom_padding=&#8221;0px|||||&#8221; global_colors_info=&#8221;{}&#8221;]<\/p>\n<p><strong>Pakiet \u015blubny VIP z dojazdem<\/strong><\/p>\n<p>Pakiet obejmuje:<\/p>\n<ul>\n<li>Makija\u017c pr\u00f3bny wykonany u mnie w studio, w ustalonym wcze\u015bniej terminie.<\/li>\n<li>Makija\u017c pr\u00f3bny poprzedzony jest wywiadem na temat stanu sk\u00f3ry, oczekiwa\u0144 Panny M\u0142odej oraz ca\u0142ej stylistyki \u015blubu.<\/li>\n<li>Makija\u017c Panny M\u0142odej w dniu \u015blubu &#8211; poprzedzony odpowiedni\u0105 piel\u0119gnacj\u0105 cery, wykonany zgodnie z ustaleniami dokonanymi podczas makija\u017cu pr\u00f3bnego. W ramach makija\u017cu \u015blubnego wykonywana jest tak\u017ce ewentualna korekta dekoltu\/plec\u00f3w. Panna M\u0142oda otrzymuje ode mnie zestaw ratunkowy czyli bibu\u0142ki matuj\u0105ce oraz pr\u00f3bk\u0119 szminki wraz z aplikatorem.<\/li>\n<li>Makija\u017c 3 os\u00f3b z otoczenia Panny M\u0142odej (np. \u015awiadkowej, Mamy, Siostry itd.); w przypadku mniejszej ilo\u015bci os\u00f3b, cena pozostaje bez zmian.<\/li>\n<li>Korekta Pana M\u0142odego (opcjonalnie).<\/li>\n<li>Dojazd w dniu \u015blubu na miejsce przygotowa\u0144 \u015blubnych, do 30km od mojego miejsca zamieszkania (w przypadku wi\u0119kszej odleg\u0142o\u015bci szczeg\u00f3\u0142y i koszt dojazdu ustalany jest indywidualnie).<\/li>\n<\/ul>\n<p>Ka\u017cda dodatkowa osoba do przygotowania to koszt 200z\u0142.<\/p>\n<p>W tym dniu nie umawiam innych klientek, rezerwuj\u0119 dany termin dla danej Panny M\u0142odej i jej os\u00f3b towarzysz\u0105cych.<\/p>\n<p>[\/et_pb_text][\/et_pb_column][\/et_pb_row][et_pb_row column_structure=&#8221;2_5,3_5&#8243; _builder_version=&#8221;4.19.5&#8243; _module_preset=&#8221;default&#8221; custom_padding=&#8221;55px|||||&#8221; locked=&#8221;off&#8221; global_colors_info=&#8221;{}&#8221;][et_pb_column type=&#8221;2_5&#8243; _builder_version=&#8221;4.19.5&#8243; _module_preset=&#8221;default&#8221; overflow-x=&#8221;visible&#8221; overflow-y=&#8221;visible&#8221; custom_padding=&#8221;30px|30px|30px|30px|true|true&#8221; border_radii=&#8221;on|500px|500px|500px|500px&#8221; border_width_all=&#8221;6px&#8221; border_color_all=&#8221;gcid-d69cdd80-7102-4dfa-b2aa-4f565509d968&#8243; global_colors_info=&#8221;{%22gcid-d69cdd80-7102-4dfa-b2aa-4f565509d968%22:%91%22border_color_all%22%93}&#8221;][et_pb_image src=&#8221;http:\/\/aleksal.cluster023.hosting.ovh.net\/wp-content\/uploads\/2024\/08\/pdf_20230325_125813_0000.png&#8221; title_text=&#8221;pdf_20230325_125813_0000&#8243; _builder_version=&#8221;4.26.0&#8243; _module_preset=&#8221;default&#8221; border_radii=&#8221;on|500px|500px|500px|500px&#8221; border_width_all=&#8221;10px&#8221; border_color_all=&#8221;#FFFFFF&#8221; box_shadow_style=&#8221;preset4&#8243; box_shadow_horizontal=&#8221;0px&#8221; box_shadow_vertical=&#8221;0px&#8221; box_shadow_spread=&#8221;30px&#8221; box_shadow_color=&#8221;gcid-f6a3689d-a668-4350-af50-132b2d07b02b&#8221; global_colors_info=&#8221;{%22gcid-f6a3689d-a668-4350-af50-132b2d07b02b%22:%91%22box_shadow_color%22%93}&#8221;][\/et_pb_image][\/et_pb_column][et_pb_column type=&#8221;3_5&#8243; _builder_version=&#8221;4.19.2&#8243; _module_preset=&#8221;default&#8221; custom_padding=&#8221;8%||||false|false&#8221; global_colors_info=&#8221;{}&#8221;][et_pb_text _builder_version=&#8221;4.26.0&#8243; _module_preset=&#8221;6da332ec-9648-4285-874c-fb2ccfec2ee6&#8243; global_colors_info=&#8221;{}&#8221;]<\/p>\n<p><strong>Makija\u017c \u015blubny<\/strong><\/p>\n<p>Wiem z do\u015bwiadczenia, jak wa\u017cnym elementem w dniu \u015blubu jest makija\u017c. Je\u017celi chcesz si\u0119 czu\u0107 wyj\u0105tkowo i pi\u0119knie, a jednocze\u015bnie by\u0107 spokojna o to, \u017ce makija\u017c przetrwa ca\u0142\u0105 noc, pozw\u00f3l \u017ce zadbam o Tw\u00f3j makija\u017c w jednym z najwa\u017cniejszych dla Ciebie dniu.<\/p>\n<p>Je\u015bli boisz si\u0119 efektu &#8220;przemalowania&#8221;, zapewniam, \u017ce takowego nie b\u0119dzie.\u00a0Uwielbiam delikatne i subtelne makija\u017ce! Nie oznacza to jednak, \u017ce na Twoje \u017cyczenie nie mog\u0119 zrobi\u0107 mocniejszego \ud83d\ude42<\/p>\n<p>Zapewniam mi\u0142\u0105 atmosfer\u0119, makija\u017c dostosowany do Twoich potrzeb, cery i urody, wykonany profesjonalnymi kosmetykami, a co najwa\u017cniejsze &#8211; z du\u017cym naciskiem na higien\u0119 pracy.<\/p>\n<p>Makija\u017c \u015blubny powinien by\u0107 poprzedzony makija\u017cem pr\u00f3bnym. podczas kt\u00f3rego przeprowadzam szczeg\u00f3\u0142owy wywiad na temat stanu sk\u00f3ry, preferencji oraz ca\u0142ej stylistyki \u015blubu, a nast\u0119pnie wykonuj\u0119 makija\u017c pr\u00f3bny, pod koniec kt\u00f3rego mo\u017cemy wprowadzi\u0107 niewielkie zmiany (jak np. zmiana koloru ust, wzmocnienie makija\u017cu oka, wzmocnienie konturowania). Po zako\u0144czonym makija\u017cu pr\u00f3bnym sporz\u0105dzam dla siebie szczeg\u00f3\u0142ow\u0105 list\u0119 zastosowanych kosmetyk\u00f3w, aby w dniu \u015blubu nie improwizowa\u0107, a wykona\u0107 makija\u017c mo\u017cliwie najbardziej zbli\u017cony do pr\u00f3bnego.<\/p>\n<p>Panna M\u0142oda w dniu \u015blubu otrzymuje ode mnie zestaw do poprawek, w sk\u0142ad kt\u00f3rego wchodz\u0105 bibu\u0142ki matuj\u0105ce, pr\u00f3bka szminki oraz aplikator.<\/p>\n<p>[\/et_pb_text][\/et_pb_column][\/et_pb_row][et_pb_row column_structure=&#8221;2_5,3_5&#8243; _builder_version=&#8221;4.19.5&#8243; _module_preset=&#8221;default&#8221; locked=&#8221;off&#8221; global_colors_info=&#8221;{}&#8221;][et_pb_column type=&#8221;2_5&#8243; _builder_version=&#8221;4.19.5&#8243; _module_preset=&#8221;default&#8221; overflow-x=&#8221;visible&#8221; overflow-y=&#8221;visible&#8221; custom_padding=&#8221;30px|30px|30px|30px|true|true&#8221; border_radii=&#8221;on|500px|500px|500px|500px&#8221; border_width_all=&#8221;6px&#8221; border_color_all=&#8221;gcid-d69cdd80-7102-4dfa-b2aa-4f565509d968&#8243; global_colors_info=&#8221;{%22gcid-d69cdd80-7102-4dfa-b2aa-4f565509d968%22:%91%22border_color_all%22%93}&#8221;][et_pb_image src=&#8221;http:\/\/aleksal.cluster023.hosting.ovh.net\/wp-content\/uploads\/2024\/08\/IMG_20220701_182738.jpg&#8221; title_text=&#8221;IMG_20220701_182738&#8243; _builder_version=&#8221;4.26.0&#8243; _module_preset=&#8221;default&#8221; border_radii=&#8221;on|500px|500px|500px|500px&#8221; border_width_all=&#8221;10px&#8221; border_color_all=&#8221;#FFFFFF&#8221; box_shadow_style=&#8221;preset4&#8243; box_shadow_horizontal=&#8221;0px&#8221; box_shadow_vertical=&#8221;0px&#8221; box_shadow_spread=&#8221;30px&#8221; box_shadow_color=&#8221;gcid-f6a3689d-a668-4350-af50-132b2d07b02b&#8221; global_colors_info=&#8221;{%22gcid-f6a3689d-a668-4350-af50-132b2d07b02b%22:%91%22box_shadow_color%22%93}&#8221;][\/et_pb_image][\/et_pb_column][et_pb_column type=&#8221;3_5&#8243; _builder_version=&#8221;4.19.2&#8243; _module_preset=&#8221;default&#8221; custom_padding=&#8221;8%||||false|false&#8221; global_colors_info=&#8221;{}&#8221;][et_pb_text _builder_version=&#8221;4.26.0&#8243; _module_preset=&#8221;6da332ec-9648-4285-874c-fb2ccfec2ee6&#8243; min_height=&#8221;310.6px&#8221; custom_padding=&#8221;0px|||||&#8221; global_colors_info=&#8221;{}&#8221;]<\/p>\n<p><strong>Makija\u017c na ka\u017cd\u0105 okazj\u0119<\/strong><\/p>\n<p class=\"font9\" style=\"line-height: 22.5pt;\"><span class=\"color15\">Niezale\u017cnie od okazji i pory dnia, oddaj si\u0119 w moje r\u0119ce, aby poczu\u0107 si\u0119 pi\u0119knie i wyj\u0105tkowo! Wykonuj\u0119 makija\u017ce zar\u00f3wno \u015blubne, wieczorowe i okoliczno\u015bciowe, jak i dzienne oraz biznesowe. Makija\u017c dobieram zawsze indywidualnie do danej osoby &#8211; jej urody oraz preferencji, a tak\u017ce do okoliczno\u015bci.<\/span><o:p><\/o:p><o:p><\/o:p><\/p>\n<p class=\"font9\" style=\"line-height: 22.5pt;\"><span class=\"color15\">Pracuj\u0119 na sprawdzonych kosmetykach, kt\u00f3re w po\u0142\u0105czeniu z moimi umiej\u0119tno\u015bciami, zapewni\u0105 po\u017c\u0105dany efekt i trwa\u0142o\u015b\u0107. W pracy z klientkami szczeg\u00f3lnie zwracam uwag\u0119 na higien\u0119 oraz czysto\u015b\u0107 poprzez dok\u0142adn\u0105 dezynfekcj\u0119 kosmetyk\u00f3w oraz narz\u0119dzi, a tak\u017ce stosowanie jednorazowych aplikator\u00f3w.<\/span><o:p><\/o:p><o:p><\/o:p><\/p>\n<p class=\"font9\" style=\"line-height: 22.5pt;\"><span class=\"color15\">Us\u0142ugi wiza\u017cu \u015bwiadcz\u0119 stacjonarnie w moim salonie.<\/span><o:p><\/o:p><\/p>\n<p>&nbsp;<\/p>\n<p>[\/et_pb_text][\/et_pb_column][\/et_pb_row][et_pb_row column_structure=&#8221;2_5,3_5&#8243; _builder_version=&#8221;4.19.5&#8243; _module_preset=&#8221;default&#8221; locked=&#8221;off&#8221; global_colors_info=&#8221;{}&#8221;][et_pb_column type=&#8221;2_5&#8243; _builder_version=&#8221;4.19.5&#8243; _module_preset=&#8221;default&#8221; overflow-x=&#8221;visible&#8221; overflow-y=&#8221;visible&#8221; custom_padding=&#8221;30px|30px|30px|30px|true|true&#8221; border_radii=&#8221;on|500px|500px|500px|500px&#8221; border_width_all=&#8221;6px&#8221; border_color_all=&#8221;gcid-d69cdd80-7102-4dfa-b2aa-4f565509d968&#8243; global_colors_info=&#8221;{%22gcid-d69cdd80-7102-4dfa-b2aa-4f565509d968%22:%91%22border_color_all%22%93}&#8221;][et_pb_image src=&#8221;http:\/\/aleksal.cluster023.hosting.ovh.net\/wp-content\/uploads\/2024\/08\/IMG_20230125_132517-01_edited.jpg&#8221; title_text=&#8221;IMG_20230125_132517-01_edited&#8221; _builder_version=&#8221;4.26.0&#8243; _module_preset=&#8221;default&#8221; border_radii=&#8221;on|500px|500px|500px|500px&#8221; border_width_all=&#8221;10px&#8221; border_color_all=&#8221;#FFFFFF&#8221; box_shadow_style=&#8221;preset4&#8243; box_shadow_horizontal=&#8221;0px&#8221; box_shadow_vertical=&#8221;0px&#8221; box_shadow_spread=&#8221;30px&#8221; box_shadow_color=&#8221;gcid-f6a3689d-a668-4350-af50-132b2d07b02b&#8221; global_colors_info=&#8221;{%22gcid-f6a3689d-a668-4350-af50-132b2d07b02b%22:%91%22box_shadow_color%22%93}&#8221;][\/et_pb_image][\/et_pb_column][et_pb_column type=&#8221;3_5&#8243; _builder_version=&#8221;4.19.2&#8243; _module_preset=&#8221;default&#8221; custom_padding=&#8221;8%||||false|false&#8221; global_colors_info=&#8221;{}&#8221;][et_pb_text _builder_version=&#8221;4.26.0&#8243; _module_preset=&#8221;6da332ec-9648-4285-874c-fb2ccfec2ee6&#8243; custom_margin=&#8221;||-32px|||&#8221; custom_padding=&#8221;0px||0px|||&#8221; global_colors_info=&#8221;{}&#8221;]<\/p>\n<p><strong>Lekcje makija\u017cu w\u0142asnego<\/strong><\/p>\n<p>Je\u017celi chcesz nauczy\u0107 si\u0119 wykonywa\u0107 poprawnie i sprawnie sw\u00f3j codzienny makija\u017c, zapraszam Ci\u0119 na indywidualn\u0105 lekcj\u0119!<\/p>\n<p>-&gt; Zrobi\u0119 przegl\u0105d Twojej kosmetyczki<\/p>\n<p>-&gt; Pomog\u0119 Ci dobra\u0107 odpowiedni\u0105 piel\u0119gnacj\u0119 na dzie\u0144 oraz na noc<\/p>\n<p>-&gt; Podpowiem jakie kosmetyki kolorowe powinna\u015b wybiera\u0107, a z kt\u00f3rych zrezygnowa\u0107<\/p>\n<p>-&gt; Wykonasz pod moim okiem i z moj\u0105 pomoc\u0105 pe\u0142ny makija\u017c<\/p>\n<p>A to wszystko w mi\u0142ej atmosferze, przy fili\u017cance pysznej kawy lub herbaty.<\/p>\n<p class=\"font9\" style=\"line-height: 22.5pt;\"><span class=\"color15\"><br \/><\/span><o:p><\/o:p><\/p>\n<p>&nbsp;<\/p>\n<p>[\/et_pb_text][\/et_pb_column][\/et_pb_row][et_pb_row column_structure=&#8221;2_5,3_5&#8243; _builder_version=&#8221;4.19.5&#8243; _module_preset=&#8221;default&#8221; locked=&#8221;off&#8221; global_colors_info=&#8221;{}&#8221;][et_pb_column type=&#8221;2_5&#8243; _builder_version=&#8221;4.19.5&#8243; _module_preset=&#8221;default&#8221; overflow-x=&#8221;visible&#8221; overflow-y=&#8221;visible&#8221; custom_padding=&#8221;30px|30px|30px|30px|true|true&#8221; border_radii=&#8221;on|500px|500px|500px|500px&#8221; border_width_all=&#8221;6px&#8221; border_color_all=&#8221;gcid-d69cdd80-7102-4dfa-b2aa-4f565509d968&#8243; global_colors_info=&#8221;{%22gcid-d69cdd80-7102-4dfa-b2aa-4f565509d968%22:%91%22border_color_all%22%93}&#8221;][et_pb_image src=&#8221;http:\/\/aleksal.cluster023.hosting.ovh.net\/wp-content\/uploads\/2024\/08\/IMG_20220805_175958-01-scaled.jpeg&#8221; title_text=&#8221;rptnb&#8221; _builder_version=&#8221;4.26.0&#8243; _module_preset=&#8221;default&#8221; border_radii=&#8221;on|500px|500px|500px|500px&#8221; border_width_all=&#8221;10px&#8221; border_color_all=&#8221;#FFFFFF&#8221; box_shadow_style=&#8221;preset4&#8243; box_shadow_horizontal=&#8221;0px&#8221; box_shadow_vertical=&#8221;0px&#8221; box_shadow_spread=&#8221;30px&#8221; box_shadow_color=&#8221;gcid-f6a3689d-a668-4350-af50-132b2d07b02b&#8221; global_colors_info=&#8221;{%22gcid-f6a3689d-a668-4350-af50-132b2d07b02b%22:%91%22box_shadow_color%22%93}&#8221;][\/et_pb_image][\/et_pb_column][et_pb_column type=&#8221;3_5&#8243; _builder_version=&#8221;4.19.2&#8243; _module_preset=&#8221;default&#8221; custom_padding=&#8221;8%||||false|false&#8221; global_colors_info=&#8221;{}&#8221;][et_pb_text _builder_version=&#8221;4.26.0&#8243; _module_preset=&#8221;6da332ec-9648-4285-874c-fb2ccfec2ee6&#8243; global_colors_info=&#8221;{}&#8221;]<\/p>\n<p><strong>Stylizacja w\u0142os\u00f3w<\/strong><\/p>\n<p>Je\u017celi chcia\u0142aby\u015b przy okazji makija\u017cu, wykona\u0107 tak\u017ce fryzur\u0119 &#8211; dobrze trafi\u0142a\u015b \ud83d\ude42<\/p>\n<p>Oferuj\u0119 us\u0142ugi kompleksowe. Z przyjemno\u015bci\u0105 wykonam loki, fale lub delikatne upi\u0119cia.<\/p>\n<p class=\"font9\" style=\"line-height: 22.5pt;\"><span class=\"color15\"><br \/><\/span><o:p><\/o:p><\/p>\n<p>&nbsp;<\/p>\n<p>[\/et_pb_text][\/et_pb_column][\/et_pb_row][et_pb_row column_structure=&#8221;2_5,3_5&#8243; _builder_version=&#8221;4.19.5&#8243; _module_preset=&#8221;default&#8221; locked=&#8221;off&#8221; global_colors_info=&#8221;{}&#8221;][et_pb_column type=&#8221;2_5&#8243; _builder_version=&#8221;4.19.5&#8243; _module_preset=&#8221;default&#8221; overflow-x=&#8221;visible&#8221; overflow-y=&#8221;visible&#8221; custom_padding=&#8221;30px|30px|30px|30px|true|true&#8221; border_radii=&#8221;on|500px|500px|500px|500px&#8221; border_width_all=&#8221;6px&#8221; border_color_all=&#8221;gcid-d69cdd80-7102-4dfa-b2aa-4f565509d968&#8243; global_colors_info=&#8221;{%22gcid-d69cdd80-7102-4dfa-b2aa-4f565509d968%22:%91%22border_color_all%22%93}&#8221;][et_pb_image src=&#8221;http:\/\/aleksal.cluster023.hosting.ovh.net\/wp-content\/uploads\/2024\/08\/IMG_20220607_180923.jpg&#8221; title_text=&#8221;IMG_20220607_180923&#8243; _builder_version=&#8221;4.26.0&#8243; _module_preset=&#8221;default&#8221; border_radii=&#8221;on|500px|500px|500px|500px&#8221; border_width_all=&#8221;10px&#8221; border_color_all=&#8221;#FFFFFF&#8221; box_shadow_style=&#8221;preset4&#8243; box_shadow_horizontal=&#8221;0px&#8221; box_shadow_vertical=&#8221;0px&#8221; box_shadow_spread=&#8221;30px&#8221; box_shadow_color=&#8221;gcid-f6a3689d-a668-4350-af50-132b2d07b02b&#8221; global_colors_info=&#8221;{%22gcid-f6a3689d-a668-4350-af50-132b2d07b02b%22:%91%22box_shadow_color%22%93}&#8221;][\/et_pb_image][\/et_pb_column][et_pb_column type=&#8221;3_5&#8243; _builder_version=&#8221;4.19.2&#8243; _module_preset=&#8221;default&#8221; custom_padding=&#8221;8%||||false|false&#8221; global_colors_info=&#8221;{}&#8221;][et_pb_text _builder_version=&#8221;4.26.0&#8243; _module_preset=&#8221;6da332ec-9648-4285-874c-fb2ccfec2ee6&#8243; global_colors_info=&#8221;{}&#8221;]<\/p>\n<p><strong>Stylizacja brwi<\/strong><\/p>\n<p><span>Serdecznie zapraszam na profesjonaln\u0105 stylizacj\u0119 brwi.<\/span><\/p>\n<p><span>W ofercie:<\/span><\/p>\n<ul>\n<li><span>regulacja brwi woskiem twardym\/p\u0119set\u0105<\/span><\/li>\n<li><span>geometria brwi<\/span><\/li>\n<li><span>koloryzacja brwi farbk\u0105<\/span><\/li>\n<li><span>koloryzacja brwi henn\u0105 pudrow\u0105<\/span><\/li>\n<\/ul>\n<p>&nbsp;<\/p>\n<p>[\/et_pb_text][\/et_pb_column][\/et_pb_row][et_pb_row column_structure=&#8221;2_5,3_5&#8243; _builder_version=&#8221;4.19.5&#8243; _module_preset=&#8221;default&#8221; locked=&#8221;off&#8221; global_colors_info=&#8221;{}&#8221;][et_pb_column type=&#8221;2_5&#8243; _builder_version=&#8221;4.19.5&#8243; _module_preset=&#8221;default&#8221; overflow-x=&#8221;visible&#8221; overflow-y=&#8221;visible&#8221; custom_padding=&#8221;30px|30px|30px|30px|true|true&#8221; border_radii=&#8221;on|500px|500px|500px|500px&#8221; border_width_all=&#8221;6px&#8221; border_color_all=&#8221;gcid-d69cdd80-7102-4dfa-b2aa-4f565509d968&#8243; global_colors_info=&#8221;{%22gcid-d69cdd80-7102-4dfa-b2aa-4f565509d968%22:%91%22border_color_all%22%93}&#8221;][et_pb_image src=&#8221;http:\/\/aleksal.cluster023.hosting.ovh.net\/wp-content\/uploads\/2024\/08\/IMG_20211215_135617-01-scaled.jpeg&#8221; title_text=&#8221;dav&#8221; _builder_version=&#8221;4.26.0&#8243; _module_preset=&#8221;default&#8221; border_radii=&#8221;on|500px|500px|500px|500px&#8221; border_width_all=&#8221;10px&#8221; border_color_all=&#8221;#FFFFFF&#8221; box_shadow_style=&#8221;preset4&#8243; box_shadow_horizontal=&#8221;0px&#8221; box_shadow_vertical=&#8221;0px&#8221; box_shadow_spread=&#8221;30px&#8221; box_shadow_color=&#8221;gcid-f6a3689d-a668-4350-af50-132b2d07b02b&#8221; global_colors_info=&#8221;{%22gcid-f6a3689d-a668-4350-af50-132b2d07b02b%22:%91%22box_shadow_color%22%93}&#8221;][\/et_pb_image][\/et_pb_column][et_pb_column type=&#8221;3_5&#8243; _builder_version=&#8221;4.19.2&#8243; _module_preset=&#8221;default&#8221; custom_padding=&#8221;8%||||false|false&#8221; global_colors_info=&#8221;{}&#8221;][et_pb_text _builder_version=&#8221;4.26.0&#8243; _module_preset=&#8221;6da332ec-9648-4285-874c-fb2ccfec2ee6&#8243; global_colors_info=&#8221;{}&#8221;]<\/p>\n<p><strong>Voucher podarunkowy<\/strong><\/p>\n<p><span>Nie masz pomys\u0142u na prezent dla mamy, \u017cony, siostry b\u0105d\u017a przyjaci\u00f3\u0142ki? Kup voucher dla bliskiej osoby na makija\u017c, kt\u00f3ry b\u0119dzie mog\u0142a wykorzysta\u0107 przed wa\u017cn\u0105 uroczysto\u015bci\u0105 lub sesj\u0105 zdj\u0119ciow\u0105. To tak\u017ce wspania\u0142y prezent dla przysz\u0142ej Panny M\u0142odej &#8211; jako voucher na makija\u017c pr\u00f3bny.<\/span><\/p>\n<p>&nbsp;<\/p>\n<p>&nbsp;<\/p>\n<p>[\/et_pb_text][\/et_pb_column][\/et_pb_row][\/et_pb_section][et_pb_section fb_built=&#8221;1&#8243; admin_label=&#8221;Service&#8221; _builder_version=&#8221;4.19.5&#8243; _module_preset=&#8221;default&#8221; background_color=&#8221;gcid-f6a3689d-a668-4350-af50-132b2d07b02b&#8221; collapsed=&#8221;on&#8221; global_colors_info=&#8221;{%22gcid-f6a3689d-a668-4350-af50-132b2d07b02b%22:%91%22background_color%22%93}&#8221;][\/et_pb_section]<\/p>\n","protected":false},"excerpt":{"rendered":"<p>OfertaPakiet \u015blubny VIP z dojazdem Pakiet obejmuje: Makija\u017c pr\u00f3bny wykonany u mnie w studio, w ustalonym wcze\u015bniej terminie. Makija\u017c pr\u00f3bny poprzedzony jest wywiadem na temat stanu sk\u00f3ry, oczekiwa\u0144 Panny M\u0142odej oraz ca\u0142ej stylistyki \u015blubu. Makija\u017c Panny M\u0142odej w dniu \u015blubu &#8211; poprzedzony odpowiedni\u0105 piel\u0119gnacj\u0105 cery, wykonany zgodnie z ustaleniami dokonanymi podczas makija\u017cu pr\u00f3bnego. W ramach [&hellip;]<\/p>\n","protected":false},"author":1,"featured_media":0,"parent":0,"menu_order":0,"comment_status":"closed","ping_status":"closed","template":"","meta":{"_et_pb_use_builder":"on","_et_pb_old_content":"","_et_gb_content_width":"","footnotes":""},"class_list":["post-42","page","type-page","status-publish","hentry"],"_links":{"self":[{"href":"http:\/\/aleksal.cluster023.hosting.ovh.net\/index.php?rest_route=\/wp\/v2\/pages\/42","targetHints":{"allow":["GET"]}}],"collection":[{"href":"http:\/\/aleksal.cluster023.hosting.ovh.net\/index.php?rest_route=\/wp\/v2\/pages"}],"about":[{"href":"http:\/\/aleksal.cluster023.hosting.ovh.net\/index.php?rest_route=\/wp\/v2\/types\/page"}],"author":[{"embeddable":true,"href":"http:\/\/aleksal.cluster023.hosting.ovh.net\/index.php?rest_route=\/wp\/v2\/users\/1"}],"replies":[{"embeddable":true,"href":"http:\/\/aleksal.cluster023.hosting.ovh.net\/index.php?rest_route=%2Fwp%2Fv2%2Fcomments&post=42"}],"version-history":[{"count":8,"href":"http:\/\/aleksal.cluster023.hosting.ovh.net\/index.php?rest_route=\/wp\/v2\/pages\/42\/revisions"}],"predecessor-version":[{"id":217,"href":"http:\/\/aleksal.cluster023.hosting.ovh.net\/index.php?rest_route=\/wp\/v2\/pages\/42\/revisions\/217"}],"wp:attachment":[{"href":"http:\/\/aleksal.cluster023.hosting.ovh.net\/index.php?rest_route=%2Fwp%2Fv2%2Fmedia&parent=42"}],"curies":[{"name":"wp","href":"https:\/\/api.w.org\/{rel}","templated":true}]}}